663*c**2. Determine k(r).
-12
Let a(h) be the first derivative of -h**3/3 - 7*h**2/2 - h - 62. Calculate a(-2).
9
Let a be ((-3)/(-6))/(1/6). Let h(d) = 17*d**2 - 2*d**a + 3*d - 15*d**2 - 4*d**3 + 5*d**3. Give h(-2).
10
Suppose 3*n - k = -15 - 22, 0 = 2*k + 4. Let g(a) = -a**3 - 12*a**2 + 12*a - 3. Calculate g(n).
10
Let s be (-189)/18*(-4)/(-6). Let r(x) = x**2 + 8*x + 4. What is r(s)?
-3
Let z(g) = -3*g + 58 - 20 - 14 - 13. Let r = -7 + 15. Give z(r).
-13
Let r(d) be the second derivative of d**5/20 + d**4/3 - 2*d**3/3 + d**2/2 - 569*d - 1. Calculate r(-3).
22
Let d(s) be the third derivative of s**5/15 - s**4/8 - s**3/6 + 44*s**2. Calculate d(-3).
44
Let q(w) = w - 3. Let j be q(8). Let b be 57/15 + 1/j. Let f(z) = -z**2 - b*z**3 + z + 1 + 3*z**2 + 5*z**3. Determine f(-2).
-1
Let q = 168 - 163. Let d(m) = m**3 - 4*m**2 - 6*m - 6. Give d(q).
-11
Let g(z) = 2*z**2 + 9*z + 8. Let n(s) = -s - 1. Let y(r) = g(r) + 3*n(r). Let q(l) = l - 1. Let k be q(5). Let h(a) = a - 8. Let w be h(k). Calculate y(w).
13
Suppose 188 = 4*y + 5*z - 0*z, -2*z - 118 = -3*y. Let p(g) = 0 + 43*g**2 + 4*g - y*g**2 - 1. Let t be -7 + -2*(0 + -1). Calculate p(t).
4
Let v(i) = 3*i - 1. Suppose 9 = -4*p - m, 4*m + 35 = 5*p + 20. What is v(p)?
-4
Let s(b) = 6*b**3 + b**2 - b + 1. Suppose -15 = 4*a + 101. Let f = 30 + a. Calculate s(f).
7
Let n(d) = -d**2 - 3*d + 4. Let p = -11 + 13. Suppose p*b - 4*r - 8 = 0, b + 23 = -3*b - 5*r. Let q be ((-6)/(-9))/b*15. Give n(q).
-6
Suppose 3*x - 6*h + 17 = -h, -3*h + 12 = 0. Let o(v) = -2*v**3 - 2*v**2 + 1. Calculate o(x).
-3
Let t(c) = 8*c**3 + c**2 - 1. Let w = 119 - 118. Calculate t(w).
8
Let k(o) = o**3 - 13*o**2 - o + 7. Suppose 2 - 405 = -31*l. Calculate k(l).
-6
Let n(y) = 2*y + 2*y - 4 + 5*y**2 + y**2 + 0 + y**3. Suppose 4*z = 2*z - 10. Give n(z).
1
Let l(v) = -v**2 - v + 5. Let s(x) = -6*x - 27. Let g be s(-5). Calculate l(g).
-7
Suppose -4*u - 18 + 2 = 0. Let p(v) = 11*v - 3. Calculate p(u).
-47
Let h(m) = -3*m - 2 - 2 - m + m**3 - 2*m**2. Suppose -4*q + 10*q = 72. Suppose d - 4*d + q = 0. Calculate h(d).
12
Let g(h) be the first derivative of h**2 - 4*h - 7. Calculate g(5).
6
Let m(c) = 5*c**2 + 14*c. Let z(v) = 4*v**2 + 12*v - 1. Let x(k) = 3*m(k) - 4*z(k). Suppose 3*t + 3*s = -36, 53 = -4*t - 0*t - 5*s. Determine x(t).
-3
Let h(q) be the second derivative of q**5/20 + q**4/2 - 17*q**3/6 - 17*q**2/2 + 365*q. Determine h(-8).
-9
Let t(h) = 30*h**2 + 31*h**2 - 6*h**3 + 31*h**2 + 35*h**2 - 128*h**2 - 2*h - 1. Give t(-1).
6
Suppose -26*n + 624 = -130*n. Let j(l) be the third derivative of -l**4/12 - l**2. Give j(n).
12
Let q be 2/4 - (-33)/6. Let v(l) = l**3 - 6*l**2 + 4*l + 1. Let d(n) = -2*n**3 + 12*n**2 - 7*n - 2. Let j(t) = 6*d(t) + 11*v(t). Give j(q).
11
Let p be 2 - ((-3)/1 - -5). Suppose -3*f + p = -3. Let l be 4 - (2 - f)*3. Let w(a) = 2*a. What is w(l)?
2
Suppose -2*t - 14 = -2*x, 0 = 2*x - 7*x + 20. Let m(u) = -8*u + 7*u - 15*u - 4 + 3 + 13*u. What is m(t)?
8
Let c(k) be the second derivative of -7*k**3/6 + k**2/2 + 5*k - 3. What is c(-1)?
8
Let c be ((-10)/(-14) + -1)/((-45)/4095). Let w(o) = o - 25. Determine w(c).
1
Let s(j) be the second derivative of j**5/20 - j**4/2 + j**3 + j**2 - 3*j. Let x = 198 + -193. Give s(x).
7
Let d(w) be the second derivative of -6*w + 5/2*w**2 - 4 - 5/6*w**3 - 7/12*w**4 - 1/20*w**5. Give d(-6).
-1
Let l(t) = -3*t**2 + 3*t + 3*t**3 - 3*t**3 + 0*t**3 + 2*t**3. What is l(2)?
10
Let y(o) be the second derivative of -o**6/120 + o**5/20 + 5*o**4/24 - 5*o**3/6 + 7*o**2/2 - 4*o. Let x(q) be the first derivative of y(q). Determine x(4).
-1
Suppose -36 = -h - 5*x, 7*h = 2*h + 3*x + 40. Suppose 19 = -6*r - h. Let z(d) = -d**2 - 5*d + 7. Give z(r).
7
Let z be (24/14)/((-12)/168). Let w = -29 - z. Let h(o) = o**2 + 2*o + 4. What is h(w)?
19
Let g(v) = 8*v**2 + 1. Let z(b) = -31*b**2 - 16*b + 5. Let y(l) = -4*g(l) - z(l). What is y(16)?
-9
Suppose 2*f - 3*s = -28, -2*f - 2*s - 36 = -7*s. Let k(w) = -w - 3. Determine k(f).
5
Let f(c) be the first derivative of 2*c - 3 + 0*c**3 + 1/4*c**4 - 1/2*c**2. Determine f(-2).
-4
Let t(h) = 1 - 1 - 55*h + 28*h + 4 + 26*h. Determine t(3).
1
Let d(u) = -4*u + 3*u - 16*u**2 - u**3 - 6 + 18*u**2 - 11*u**2. Give d(-9).
3
Let c(b) = -b**2 - 10*b - 21. Let y be c(-7). Suppose -j = -y*j - 5*j. Let s(d) = -2 - d**2 + 0*d**2 - 7 + d. Determine s(j).
-9
Let q(x) = 19*x**3 + 2*x + 1. Let r(w) = -20*w**3 - 3*w - 1. Let b(i) = 5*q(i) + 4*r(i). Give b(1).
14
Suppose -2*k + 155 = -p, k = 4*k + 4*p - 205. Let f(a) = -34*a**2 - 40*a**2 + k*a**2 - 9 + 5*a. Calculate f(-7).
5
Suppose -2*x - x = w + 36, 4*w + 23 = -x. Let s(b) = 9*b**2 + 9*b - 17. Let o(y) = -5*y**2 - 5*y + 9. Let j(f) = x*o(f) - 6*s(f). Determine j(0).
3
Let u(a) = -a**3 + 10*a**2 - 7*a - 12. Let q be (-1)/((-12)/(-54)*4/(-8)). Calculate u(q).
6
Let p(q) = 233*q - 478*q + 232*q - q**2 + 14 + 2*q**2. Give p(10).
-16
Let u = 79 - 71. Let i(w) = -w**3 + 6*w**2 + 15*w + 12. Let k be i(u). Let c(y) = y + 1. What is c(k)?
5
Let r(v) = -v**3 + 2*v**2 + 12*v + 14. Let f be r(5). Let k(m) = -2*m**3 + m. Calculate k(f).
1
Suppose -5*h = -0*h - 5*s - 5, -4*s = 4*h - 28. Let u(w) = 2. Let m(g) = -g**3 + 3*g**2 + 4*g. Let q(l) = -m(l) + u(l). Determine q(h).
2
Let c(s) = 2*s**2 + 6*s + 4. Suppose 4*l = 4*p + 92, 3*l + p = 5*p + 70. Let d = l - 26. Calculate c(d).
12
Let z(h) = 4*h - 3. Let f be z(2). Let n(m) be the first derivative of -4*m + 4*m**2 - 1/3*m**3 + 24. Give n(f).
11
Let m(n) = -n**3 - n - 1. Let a(s) = s**3 + 3*s**2 + 9*s - 7. Let h(l) = a(l) + 2*m(l). Give h(4).
3
Let v(j) be the first derivative of -2*j**2 - 16*j - 484. Determine v(-5).
4
Let o be (-2)/2*0/(-2). Let v be 2/(-4)*(0 - o) + -5. Let h(i) = 2*i + 3. Calculate h(v).
-7
Let w(a) be the first derivative of 0*a**2 + 0*a - 1/4*a**4 + 0*a**3 - 67. Let o be 1/(-2) - 2/4. Determine w(o).
1
Let w(k) = k**3 - 4*k**2 - 3*k + 10. Let o = 819 + -815. Calculate w(o).
-2
Let p(u) = -3*u - 9. Let w(n) = -n**3 - 3*n**2 - 2. Let z be w(-4). Let b be 8 + -7 + z/(-2). Calculate p(b).
9
Let w(s) = 7 + 43*s - 133*s + 46*s + 43*s. Give w(5).
2
Let i(y) = -y - 16. Let u(k) = -2*k - 12. Let t(v) = -4*i(v) + 5*u(v). Calculate t(1).
-2
Let x(v) = 2*v**2 + 4*v + 2. Let h be (-6)/4*8/6. Let d be x(h). Let g(s) = 4*s**2 - 3*s**2 - 2*s - 3 + 0*s**2 - d*s. Give g(4).
-3
Let q(w) = w**2 - 8*w + 3. Let o(j) = j**2 - 4*j + 4. Let i be o(5). Suppose m - i = -15. Let l(f) = -f**2 - 7*f. Let n be l(m). Calculate q(n).
-9
Let u(m) = -m**3 - m**2 - m + 13. Let j be (-8 - -5) + 0 + 3 + 0. Suppose 4*r + j + 0 = 0. What is u(r)?
13
Suppose -7*f = -8*f. Let b(l) = 2*l + 2*l - 12 - 5*l. Calculate b(f).
-12
Suppose 10*x = -2*x + 144. Let p(q) = -2*q + 14. Give p(x).
-10
Suppose 13*u = 17*u. Suppose -5 = -u*f + 5*f + o, -18 = -f - 4*o. Let r(i) = 7*i**2 + i - 1. What is r(f)?
25
Let d(x) = 2*x - 1 - x - 2*x. Let m(t) = t**2 + 9*t - 16. Let k be m(-11). Determine d(k).
-7
Suppose -2*w = 3*w. Let j be 2 + -5 + (w - 2). Let u(v) be the first derivative of -v**3/3 - 3*v**2 - 4*v + 375. Calculate u(j).
1
Let a(l) = 4*l**2 - 7*l. Suppose 0 = 78*s - 48*s - 60. Calculate a(s).
2
Suppose -3*w + h = -4*h + 1, 0 = -2*w - h + 8. Let k(x) = -9*x**3 + 10*x**w - x + 2 - 8*x**2 + 5. Give k(8).
-1
Let z(w) = -9*w - 32. Let b be z(-4). Let a(t) = 3*t + 1 - t - 8*t + b*t. Give a(3).
-5
Let r(t) = -t**3 + 3*t**2 - 4*t + 9. Let h be (52 + 0)/13 + (-2)/2. Determine r(h).
-3
Let v(j) = j**2 + 1. Let x(i) = -i**3 + i**2 - 4*i. Let q(y) = -6*v(y) + x(y). What is q(-3)?
-12
Suppose -14 = 2*u + 5*j, 2*j + 4 = 4*u - 16. Suppose u*k = 2*s - 4 - 2, 3*s + 4*k + 8 = 0. Let t(z) = z**3 - z**2 - 4. Determine t(s).
-4
Let k(u) = u**3 - 4*u**2 + u + 3. Suppose 3*g - 48 = 4*t, 4*g - 42 = g + 2*t. Let n = g + -9. Let h be k(n). Let d(c) = 3*c - 3. What is d(h)?
-12
Suppose -4 = 4*d - 2*d. Let y be (4/6)/(d/6). Let s(q) = -2*q**3 - 2*q**2 - 2. Give s(y).
6
Let u(q) = 4*q + 3. Let n(y) = y**2 - 8*y - 14. Let f be 2*-5*(-3 + 2). Let z be n(f). Let k be (3/1)/(z/(-4)). Determine u(k).
-5
Let x(p) = -p**3 + 4*p**2 - p + 1. Let n = -2 + 9. Let f = n - 4. Calculate x(f).
7
Let s(i) be the second derivative of -i**4/24 - i**3/6 - 7*i**2 + 17*i. Let a(d) be the first derivative of s(d). Calculate a(1).
-2
Let w be (0/3)/((-1)/(-1)). L